{"id":695,"date":"2018-07-10T16:58:58","date_gmt":"2018-07-10T16:58:58","guid":{"rendered":"http:\/\/www.turcomdecor.com\/?page_id=695"},"modified":"2023-05-16T10:49:06","modified_gmt":"2023-05-16T10:49:06","slug":"wiz-chemicals-s-p-a-3","status":"publish","type":"page","link":"http:\/\/www.turcomdecor.com\/?page_id=695&lang=tr","title":{"rendered":"WIZ Chemicals S.p.A."},"content":{"rendered":"\t\t<div data-elementor-type=\"wp-page\" data-elementor-id=\"695\" class=\"elementor elementor-695\">\n\t\t\t\t\t\t<section class=\"elementor-section elementor-top-section elementor-element elementor-element-22f8aa8 elementor-section-boxed elementor-section-height-default elementor-section-height-default\" data-id=\"22f8aa8\" data-element_type=\"section\" data-e-type=\"section\">\n\t\t\t\t\t\t<div class=\"elementor-container elementor-column-gap-default\">\n\t\t\t\t\t<div class=\"elementor-column elementor-col-100 elementor-top-column elementor-element elementor-element-53a8fce\" data-id=\"53a8fce\" data-element_type=\"column\" data-e-type=\"column\">\n\t\t\t<div class=\"elementor-widget-wrap elementor-element-populated\">\n\t\t\t\t\t\t<div class=\"elementor-element elementor-element-c27c210 elementor-widget elementor-widget-text-editor\" data-id=\"c27c210\" data-element_type=\"widget\" data-e-type=\"widget\" data-widget_type=\"text-editor.default\">\n\t\t\t\t\t\t\t\t\t<div class=\"pbs-row\" style=\"min-height: 200px;\">\n<div class=\"pbs-col\" style=\"flex-basis: 35%; justify-content: center; padding: 0px 0px 0px 0px;\">\n<p><img decoding=\"async\" class=\"aligncenter size-full wp-image-467\" src=\"http:\/\/www.turcomdecor.com\/wp-content\/uploads\/2017\/05\/wiz_logo.png\" alt=\"\" width=\"400\" height=\"120\" srcset=\"http:\/\/www.turcomdecor.com\/wp-content\/uploads\/2017\/05\/wiz_logo.png 400w, http:\/\/www.turcomdecor.com\/wp-content\/uploads\/2017\/05\/wiz_logo-300x90.png 300w\" sizes=\"(max-width: 400px) 100vw, 400px\" \/><\/p>\n<\/div>\n<div class=\"pbs-col\" style=\"flex-basis: 65%; justify-content: center;\">\n<p>1983&#8217;de kurulan Wiz chemicals, Milano&#8217;nun 20 km. kadar kuzeyinde, Legnano&#8217;da, emprenye i\u015flemi i\u00e7in kimyasal katk\u0131 malzemeleri \u00fcretmektedir. Wiz\u2019in d\u00fcnya piyalasalar\u0131n\u0131 domine etmesinin temel sebebi, %100 otomasyon ile \u00e7al\u0131\u015fan \u00fcretim sistemidir. &nbsp;&nbsp;&nbsp; &nbsp;&nbsp;<\/p>\n<p>1983&#8217;de kurulan Wiz chemicals, Milano&#8217;nun 20 km. kadar kuzeyinde bulunan Legnano&#8217;daki 6000 m2 alana sahip, tamamen otomasyon sistemi ile \u00fcretim yapan yeni fabrikas\u0131nda \u00fcretimini s\u00fcrd\u00fcrmektedir. Ay\u0131r\u0131c\u0131lar ve ak\u0131\u015fkanl\u0131k art\u0131r\u0131c\u0131 \u00fcr\u00fcnler yan\u0131nda sertle\u015ftiriciler, katalitik engelleyiciler, \u0131slat\u0131c\u0131lar, esneklik verici, anti-bakteriyel, alev geciktirici katk\u0131lar ve plastik \u00fcretimi i\u00e7in \u00e7e\u015fitli katk\u0131 maddeleri \u00fcretmektedir.<\/p>\n<p>1998 y\u0131l\u0131nda WIZ chemicals ISO 9002 kalite belgesini alm\u0131\u015ft\u0131r.<\/p>\n<p>Firman\u0131n Mikrobiyoloji b\u00f6l\u00fcm\u00fc de, \u0130talya Sa\u011fl\u0131k Bakanl\u0131\u011f\u0131 taraf\u0131ndan yiyecek kalite kontrol laboratuar\u0131 listesinde GPL 88\/320\/CCE y\u00f6nergesine uygun, resmi olarak tan\u0131nm\u0131\u015f, ISO 9002 kalite belgesi almaya hak kazanm\u0131\u015ft\u0131r.<\/p>\n<h2>ALTON katk\u0131 malzemeleri:<\/h2>\n<h2>Melamin, \u00dcre ve Fenolic re\u00e7ine i\u00e7in Emprenye katk\u0131 malzemeleri:<\/h2>\n<ul>\n<li>Islat\u0131c\u0131<\/li>\n<li>Yay\u0131c\u0131<\/li>\n<li>Ay\u0131r\u0131c\u0131<\/li>\n<li>Blokla\u015fma \u00d6nleyiciler<\/li>\n<li>Islat\u0131c\u0131\/Ay\u0131r\u0131c\u0131 \u00e7ok fonksiyonlu katk\u0131lar<\/li>\n<li>CPL (S\u00fcrekli \u00dcretim) i\u00e7in katk\u0131 malzemeleri<\/li>\n<li>Sertle\u015ftiriciler<\/li>\n<li>Esneklik verici katk\u0131lar<\/li>\n<li>Tozlanma Gidericiler<\/li>\n<li>TiO2 Em\u00fclsiyonlar\u0131<\/li>\n<\/ul>\n<h2>MDF, Sunta vb. i\u00e7in katk\u0131 malzemeleri:<\/h2>\n<ul>\n<li>Spreyleme \u00dcniteleri i\u00e7in Ay\u0131r\u0131c\u0131lar<\/li>\n<li>Islat\u0131c\u0131\/Ak\u0131\u015fkanl\u0131k Artt\u0131r\u0131c\u0131 \u00dcr\u00fcnler<\/li>\n<li>Bant\/Press Plakalar\u0131n Temiz Kalmas\u0131n\u0131 Sa\u011flayan Katk\u0131lar<\/li>\n<\/ul>\n<h2>SMC ve BMC katk\u0131 malzemeleri:<\/h2>\n<p><strong>PARANOR<\/strong> &#8211; Magnezyum Oksit ve hidroksit bazl\u0131 kal\u0131nla\u015ft\u0131r\u0131c\u0131lar.<\/p>\n<p>PARANOR, WIZ chemicals taraf\u0131ndan \u00fcretilen, SMC ve BMC malzemeler i\u00e7in magnezyum oksit ve hidroksit bazl\u0131 bir\u00e7ok kal\u0131nla\u015ft\u0131r\u0131c\u0131 \u00fcr\u00fcn\u00fcn ortak ismidir. Bu \u00fcr\u00fcnlerin kullan\u0131m\u0131, form\u00fclasyonlarda daha kolay dozajlama ve kal\u0131nl\u0131k kontrol\u00fc sa\u011flar. Dikkatli hammadde, kalite ve \u00fcretim y\u00f6ntemlerinin se\u00e7imi, \u00fcretim partileri aras\u0131nda farkl\u0131l\u0131k olmamas\u0131n\u0131, daha stabil ve daha az reaktif pasta kullan\u0131m\u0131n\u0131 sa\u011flar. Ta\u015f\u0131y\u0131c\u0131 olarak, monomer ihtiva etmeyen, doymam\u0131\u015f polyester re\u00e7ineleri kullan\u0131lm\u0131\u015ft\u0131r. Viskozite, reaktivite ve aktif i\u00e7erik gibi PARANOR pastas\u0131ndaki de\u011fi\u015fiklikler m\u00fc\u015fteri isteklerine g\u00f6re yap\u0131lmaktad\u0131r.<\/p>\n<h2>Mevcut PARANOR \u00e7e\u015fitleri:<\/h2>\n<p>PARANOR 25 MO<br>\u0130\u00e7eri\u011finde yakla\u015f\u0131k %25 magnezyum oksit bulunduran, yar\u0131 reaktif<br>standart \u00fcr\u00fcnd\u00fcr.<\/p>\n<p>PARANOR 25 MO\/W<br>Yukar\u0131daki gibi ancak daha d\u00fc\u015f\u00fck viskozitelidir.<\/p>\n<p>PARANOR 35 MO<br>\u0130\u00e7eri\u011finde yakla\u015f\u0131k %35 magnezyum oksit bulunduran, yar\u0131 reaktif<br>\u00fcr\u00fcnd\u00fcr.<\/p>\n<p>PARANOR 35 MO\/W<br>Yukar\u0131daki gibi ancak daha d\u00fc\u015f\u00fck viskozitelidir.<\/p>\n<p>PARANOR HR 35 MO<br>Yakla\u015f\u0131k %35 magnezyum oksit i\u00e7eren, proses ba\u015flang\u0131c\u0131nda<br>orta\/y\u00fcksek reaktiviteli ancak sonu\u00e7ta normal reaktiviteli<br>bir pastad\u0131r.<\/p>\n<p>PARANOR QR 35 MO<br>Yakla\u015f\u0131k %35 magnezyum oksit i\u00e7eren, proses ba\u015flang\u0131c\u0131nda<br>y\u00fcksek reaktiviteli ancak sonu\u00e7ta orta reaktiviteli bir pastad\u0131r.<\/p>\n<p>PARANOR HR 50 MO<br>Yukar\u0131daki gibi ancak i\u00e7eri\u011finde %50 magnezyum oksit bulundurur.<\/p>\n<p>PARANOR 35 HM<br>\u0130\u00e7eri\u011finde yakla\u015f\u0131k %35 magnezyum oksit bulunduran, reaktivitesi<br>d\u00fc\u015f\u00fck bir \u00fcr\u00fcnd\u00fcr.<\/p>\n<p><strong>PBQ<\/strong> &#8211; Polymerizasyon tutucu ve antioksidanlar.<\/p>\n<p>PBQ \u00fcr\u00fcnleri, SMC ve BMC uygulamalar\u0131nda, polimerizasyon tutucu olarak kullan\u0131lan s\u0131v\u0131 benzokinon sol\u00fcsyonlar\u0131d\u0131r.<br>WIZ chemicals, toksik toz malzemelerin kullan\u0131m\u0131 ve dozajlamalar\u0131nda, mevcut sa\u011fl\u0131k, g\u00fcvenlik ve \u00e7evre reg\u00fclasyonlar\u0131na uygun teknoloji kullanmaktad\u0131r. M\u00fc\u015fterilerimiz, t\u00fcm \u00e7evre ve d\u0131\u015f etkenlerin gerekli \u015fekilde korundu\u011fundan emin olmal\u0131d\u0131r.<br>Form\u00fclasyonlarda kullan\u0131lacak ger\u00e7ek ihtiya\u00e7 miktarlar\u0131 ve sol\u00fcsyonlar\u0131n stabilitesinin analitik metodlar ile belirlenmesi, m\u00fc\u015fterilerin ihtiya\u00e7 duyulan dozajlama miktarlar\u0131n\u0131 uygun miktarda kolayl\u0131kla belirlemelerini sa\u011flamaktad\u0131r.<br>Farkl\u0131 konsantrasyonlara sahip bir\u00e7ok PBQ ve solvent sistemleri a\u015fa\u011f\u0131da verilmi\u015ftir:<\/p>\n<p>PBQ 100 \/ PBQ 955 \/ PBQ 6410 \/ PBQ 7310 \/ PBQ 8110 \/ PBQ 9010<\/p>\n<p>\u0130stek \u00fczerine farkl\u0131 solvent sol\u00fcsyonlar\u0131 stoklar\u0131m\u0131zda mevcuttur.<\/p>\n<p><strong>ATP<\/strong> &#8211; D\u00fc\u015f\u00fck profilli ve d\u00fc\u015f\u00fck \u00e7ekmeli katk\u0131lar.<\/p>\n<p>ATP \u00fcr\u00fcnleri, m\u00fc\u015fteri iste\u011fi do\u011frultusunda \u00fcretilen d\u00fc\u015f\u00fck profilli ve d\u00fc\u015f\u00fck \u00e7ekme \u00f6zellikli katk\u0131 malzemeleridir.<\/p>\n<h2>Plastik Ay\u0131r\u0131c\u0131 ve Ak\u0131\u015fkanl\u0131k Sa\u011flay\u0131c\u0131 katk\u0131 malzemeleri:<\/h2>\n<p>SOREX &#8211; Su Bazl\u0131, harici kal\u0131p ay\u0131r\u0131c\u0131 katk\u0131 malzemesidir.<\/p>\n<p>En iyi sonu\u00e7lar\u0131n al\u0131nmas\u0131 i\u00e7in, kal\u0131plar\u0131n di\u011fer ay\u0131r\u0131c\u0131lar uygulanmam\u0131\u015f olmas\u0131, kal\u0131plar\u0131n temiz olmas\u0131 \u00f6nemlidir. \u00dcr\u00fcn\u00fcn, s\u0131cak veya so\u011fuk kal\u0131plara uygulamas\u0131 ovalama, f\u0131\u00e7alama veya spreyleme ile yap\u0131labilir.<\/p>\n<p>Spreyleme y\u00f6ntemi ile daha h\u0131zl\u0131, daha homojen ve daha uniform bir film tabakas\u0131 elde etmek m\u00fcmk\u00fcnd\u00fcr.<\/p>\n<p>Normal olarak tek bir uygulama ile bir \u00e7ok kullan\u0131m sa\u011flamak m\u00fcmk\u00fcnd\u00fcr. Bu \u00fcr\u00fcnlerin bir k\u0131sm\u0131 parlatma \u015feklinde uygulanarak daha iyi sonu\u00e7 al\u0131nmas\u0131 sa\u011flanabilir.<\/p>\n<p>SORIN &#8211; SMC class A and BMC metalizasyonu i\u00e7in dahili ay\u0131r\u0131c\u0131.<\/p>\n<p>Termoplastik Re\u00e7ineler: \u00dcr\u00fcn\u00fc re\u00e7ineye, gran\u00fclizasyon veya do\u011frudan pelet i\u00e7ine uygulayarak kullanmak m\u00fcmk\u00fcnd\u00fcr. Katk\u0131 miktarlar\u0131 % 0.03 ile % 1 aras\u0131ndad\u0131r. Optimum miktarlar deneme yan\u0131lma yolu ile bulunmal\u0131d\u0131r.<\/p>\n<p>Termoset Re\u00e7ineler: Malzeme, re\u00e7inenin son \u00fcretim safhas\u0131nda veya kataliz\u00f6r ilave edilmeden \u00f6nce % 0.2 ile % 1 aras\u0131ndaki oranlarda ilave edilebilir.<\/p>\n<p><em>SORIN serisi \u00fcr\u00fcnler ayr\u0131ca yay\u0131c\u0131 olarak da kullan\u0131labilirler.<\/em><\/p>\n<\/div>\n<\/div>\n<div class=\"pbs-row goto-site-container\">\n<div class=\"pbs-col goto-site-info\" style=\"flex-basis: 70%; justify-content: center;\">\n<p>Adres: Via Campo di sotto,15 \u2013 20020 Dairago (MI) \u2013 ITALY<\/p>\n<p>Tel.: +39 0331 433437<\/p>\n<p>Fax: +39 0331 431676&nbsp;<\/p>\n<\/div>\n<\/div>\t\t\t\t\t\t\t\t<\/div>\n\t\t\t\t\t<\/div>\n\t\t<\/div>\n\t\t\t\t\t<\/div>\n\t\t<\/section>\n\t\t\t\t<section class=\"elementor-section elementor-top-section elementor-element elementor-element-0494f00 elementor-section-boxed elementor-section-height-default elementor-section-height-default\" data-id=\"0494f00\" data-element_type=\"section\" data-e-type=\"section\">\n\t\t\t\t\t\t<div class=\"elementor-container elementor-column-gap-default\">\n\t\t\t\t\t<div class=\"elementor-column elementor-col-100 elementor-top-column elementor-element elementor-element-18d761b\" data-id=\"18d761b\" data-element_type=\"column\" data-e-type=\"column\">\n\t\t\t<div class=\"elementor-widget-wrap elementor-element-populated\">\n\t\t\t\t\t\t<div class=\"elementor-element elementor-element-35c5c8b elementor-widget elementor-widget-button\" data-id=\"35c5c8b\" data-element_type=\"widget\" data-e-type=\"widget\" data-widget_type=\"button.default\">\n\t\t\t\t\t\t\t\t\t\t<a class=\"elementor-button elementor-button-link elementor-size-sm\" href=\"https:\/\/www.wiz.it\/\" target=\"_blank\">\n\t\t\t\t\t\t<span class=\"elementor-button-content-wrapper\">\n\t\t\t\t\t\t<span class=\"elementor-button-icon\">\n\t\t\t\t<svg aria-hidden=\"true\" class=\"e-font-icon-svg e-fas-arrow-circle-right\" viewBox=\"0 0 512 512\" xmlns=\"http:\/\/www.w3.org\/2000\/svg\"><path d=\"M256 8c137 0 248 111 248 248S393 504 256 504 8 393 8 256 119 8 256 8zm-28.9 143.6l75.5 72.4H120c-13.3 0-24 10.7-24 24v16c0 13.3 10.7 24 24 24h182.6l-75.5 72.4c-9.7 9.3-9.9 24.8-.4 34.3l11 10.9c9.4 9.4 24.6 9.4 33.9 0L404.3 273c9.4-9.4 9.4-24.6 0-33.9L271.6 106.3c-9.4-9.4-24.6-9.4-33.9 0l-11 10.9c-9.5 9.6-9.3 25.1.4 34.4z\"><\/path><\/svg>\t\t\t<\/span>\n\t\t\t\t\t\t\t\t\t<span class=\"elementor-button-text\">Visit Website<\/span>\n\t\t\t\t\t<\/span>\n\t\t\t\t\t<\/a>\n\t\t\t\t\t\t\t\t<\/div>\n\t\t\t\t\t<\/div>\n\t\t<\/div>\n\t\t\t\t\t<\/div>\n\t\t<\/section>\n\t\t\t\t<\/div>\n\t\t","protected":false},"excerpt":{"rendered":"<p>1983&#8217;de kurulan Wiz chemicals, Milano&#8217;nun 20 km. kadar kuzeyinde, Legnano&#8217;da, emprenye i\u015flemi i\u00e7in kimyasal katk\u0131 malzemeleri \u00fcretmektedir. Wiz\u2019in d\u00fcnya piyalasalar\u0131n\u0131 domine etmesinin temel sebebi, %100 otomasyon ile \u00e7al\u0131\u015fan \u00fcretim sistemidir. &nbsp;&nbsp;&nbsp; &nbsp;&nbsp; 1983&#8217;de kurulan Wiz chemicals, Milano&#8217;nun 20 km. kadar kuzeyinde bulunan Legnano&#8217;daki 6000 m2 alana sahip, tamamen otomasyon sistemi ile \u00fcretim yapan yeni fabrikas\u0131nda [&hellip;]<\/p>\n","protected":false},"author":1,"featured_media":454,"parent":0,"menu_order":7,"comment_status":"closed","ping_status":"closed","template":"elementor_header_footer","meta":{"footnotes":""},"categories":[22,32],"tags":[],"class_list":["post-695","page","type-page","status-publish","has-post-thumbnail","hentry","category-anasayfa_temsilcilikler","category-temsilciliklerimiz"],"_links":{"self":[{"href":"http:\/\/www.turcomdecor.com\/index.php?rest_route=\/wp\/v2\/pages\/695","targetHints":{"allow":["GET"]}}],"collection":[{"href":"http:\/\/www.turcomdecor.com\/index.php?rest_route=\/wp\/v2\/pages"}],"about":[{"href":"http:\/\/www.turcomdecor.com\/index.php?rest_route=\/wp\/v2\/types\/page"}],"author":[{"embeddable":true,"href":"http:\/\/www.turcomdecor.com\/index.php?rest_route=\/wp\/v2\/users\/1"}],"replies":[{"embeddable":true,"href":"http:\/\/www.turcomdecor.com\/index.php?rest_route=%2Fwp%2Fv2%2Fcomments&post=695"}],"version-history":[{"count":24,"href":"http:\/\/www.turcomdecor.com\/index.php?rest_route=\/wp\/v2\/pages\/695\/revisions"}],"predecessor-version":[{"id":2788,"href":"http:\/\/www.turcomdecor.com\/index.php?rest_route=\/wp\/v2\/pages\/695\/revisions\/2788"}],"wp:featuredmedia":[{"embeddable":true,"href":"http:\/\/www.turcomdecor.com\/index.php?rest_route=\/wp\/v2\/media\/454"}],"wp:attachment":[{"href":"http:\/\/www.turcomdecor.com\/index.php?rest_route=%2Fwp%2Fv2%2Fmedia&parent=695"}],"wp:term":[{"taxonomy":"category","embeddable":true,"href":"http:\/\/www.turcomdecor.com\/index.php?rest_route=%2Fwp%2Fv2%2Fcategories&post=695"},{"taxonomy":"post_tag","embeddable":true,"href":"http:\/\/www.turcomdecor.com\/index.php?rest_route=%2Fwp%2Fv2%2Ftags&post=695"}],"curies":[{"name":"wp","href":"https:\/\/api.w.org\/{rel}","templated":true}]}}